6975912
In base 12, what is 4 - 10129910?
-10129908
In base 15, what is 1 - 214079a?
-2140799
In base 7, what is 1352433435 - -5?
1352433443
In base 15, what is -c + -e059e?
-e05ab
In base 16, what is 1 - -22065?
22066
In base 2, what is 10111100011 + -100111100111001?
-100100101010110
In base 11, what is -6a61327 + 3?
-6a61324
In base 13, what is -a4 - -b716?
b642
In base 12, what is 639 - -1b7ab?
20228
In base 16, what is -1eb2a + -3b?
-1eb65
In base 2, what is -11110111000110 + 110100101100?
-11000010011010
In base 13, what is 87aa - -53a?
9017
In base 11, what is 1997 - 507a9?
-49912
In base 10, what is -180620 - 371?
-180991
In base 8, what is 1724461 - 1016?
1723443
In base 5, what is 4434142 - 20431?
4413211
In base 16, what is -4d6 - 76ea?
-7bc0
In base 2, what is 1101111 + 1110110000011010?
1110110010001001
In base 5, what is 103142424104 + 3?
103142424112
In base 3, what is 1112020020101 + 0?
1112020020101
In base 10, what is 2528839 + -97?
2528742
In base 5, what is -2304104333 + -3?
-2304104341
In base 7, what is -12026 - 25653?
-41012
In base 7, what is -44555 + -10103?
-54661
In base 13, what is a1b42 + -84?
a1a8b
In base 4, what is -113 - 12110222031?
-12110222210
In base 12, what is -805 - -6518b?
64586
In base 3, what is -21110222021022 - 0?
-21110222021022
In base 9, what is 368850567 + -2?
368850565
In base 2, what is -110010110011110110000001000 + -1000?
-110010110011110110000010000
In base 10, what is -5587610 - -20?
-5587590
In base 3, what is 2 + 20002220002122100?
20002220002122102
In base 6, what is -124310315 - -14?
-124310301
In base 6, what is -2 - 3253312225?
-3253312231
In base 6, what is 54221213 - 11?
54221202
In base 13, what is 82 - -3391a?
3399c
In base 6, what is 545 + 30101251?
30102240
In base 12, what is -24a716 - -76?
-24a660
In base 7, what is 16242355 + -3?
16242352
In base 15, what is -3488 - -2bae?
-7c9
In base 9, what is 1743270 + 48?
1743328
In base 5, what is -4440320133 - -24?
-4440320104
In base 5, what is -10301113 - -403?
-10300210
In base 16, what is -148cf3f + 3?
-148cf3c
In base 8, what is -15563 + 41137?
23354
In base 11, what is -138306 + -65?
-138370
In base 4, what is -13 + -10031122030110?
-10031122030123
In base 7, what is -5 + -43563231?
-43563236
In base 7, what is -44121 + -150?
-44301
In base 10, what is -1574990 - -2?
-1574988
In base 11, what is 145 - 41290?
-41146
In base 14, what is -109b3 - -7?
-109aa
In base 9, what is -4 + 50022131?
50022126
In base 13, what is 1513154 + 10?
1513164
In base 5, what is 133320 + 13244?
202114
In base 15, what is -3 - 10485b?
-10485e
In base 7, what is -1123516 + 2041?
-1121445
In base 9, what is 5 - 11652654?
-11652648
In base 16, what is 6268a - -3?
6268d
In base 14, what is 82 - -c9b58a?
c9b62c
In base 11, what is -8a695674 + -5?
-8a695679
In base 13, what is 3337c5 - -3a?
333832
In base 8, what is -66 - 4461505?
-4461573
In base 13, what is -1 - 1a78cab?
-1a78cac
In base 10, what is 3618395 + -4?
3618391
In base 10, what is -538807 + -8?
-538815
In base 7, what is 2635 - 153545?
-150610
In base 4, what is 10320110 + 101313022?
112233132
In base 13, what is -151 - -3878?
3727
In base 12, what is 2133b3 - 31?
213382
In base 16, what is 52 + 2f598?
2f5ea
In base 14, what is -2c2 + -128d7?
-12bb9
In base 16, what is ca0 - -102b5?
10f55
In base 3, what is 2020020212212110 - 101?
2020020212212002
In base 6, what is 102450 - 4345?
54101
In base 16, what is -44 + f61ad?
f6169
In base 2, what is -1011 + 1110100101111011000010?
1110100101111010110111
In base 15, what is a - -7db54c?
7db557
In base 14, what is -867754 - -1?
-867753
In base 4, what is 13232 - -12120012?
12133310
In base 14, what is 3407b + -4cc?
3398d
In base 3, what is 122 - -102020112002?
102020112201
In base 12, what is 1a3 - 1211?
-102a
In base 12, what is 16ab321 - -9?
16ab32a
In base 3, what is -1111221121212112 + 1200?
-1111221121210212
In base 15, what is 1a61bcb0 - -4?
1a61bcb4
In base 8, what is 257522 - -477?
260221
In base 15, what is -4 + -1db2d5c8?
-1db2d5cc
In base 4, what is -101 - 112203221203?
-112203221310
In base 7, what is -20 - 1001465?
-1001515
In base 16, what is 2 + 4b10f8?
4b10fa
In base 8, what is 10 + -16543?
-16533
In base 6, what is 4241445010 - 4?
4241445002
In base 16, what is -145 + -259?
-39e
In base 4, what is 21123100102 + 11302?
21123112010
In base 10, what is -14 + 217467?
217453
In base 4, what is 13011330 + -31332?
12313332
In base 11, what is -132 + -3a514?
-3a646
In base 10, what is 1513 - -575?
2088
In base 15, what is -c + 2339b7?
2339aa
In base 9, what is -76618 - 10830?
-87548
In base 16, what is -6e328 - 1?
-6e329
In base 16, what is -153 - 7e76c?
-7e8bf
In base 8, what is -762 - 1776512?
-1777474
In base 8, what is -1263100 + 4?
-1263074
In base 11, what is 787 + 2173?
294a
In base 6, what is 11 + 111123552?
111124003
In base 3, what is 1021 - -10211001222222?
10211002001020
In base 7, what is 12051123 + -3?
12051120
In base 8, what is -4 - 37763224?
-37763230
In base 15, what is -9d2228 - -b?
-9d221c
In base 2, what is 11011 + -10010110011111101101000?
-10010110011111101001101
In base 3, what is 20 - 1221222201110120?
-1221222201110100
In base 3, what is 1020211010100200 - 0?
1020211010100200
In base 7, what is 1 - 13354666?
-13354665
In base 6, what is -550500341 + 110?
-550500231
In base 12, what is 666 + -112a?
-684
In base 15, what is 12 + -3d7e?
-3d6c
In base 4, what is 1 - 10120321210010?
-10120321210003
In base 9, what is -23 + -46015564?
-46015587
In base 15, what is -10e57 - -2cd8?
-d16e
In base 16, what is 78e + 1e72?
2600
In base 6, what is 4351 - -22450401?
22455152
In base 3, what is -1 - -11120012121111?
11120012121110
In base 2, what is -1010100101001 - 1001110110?
-1011110011111
In base 13, what is -57c3 + -242?
-5a35
In base 3, what is -11 + 10001201111011?
10001201111000
In base 8, what is 235612 - -11172?
247004
In base 14, what is 16 + -2bb6c6?
-2bb6b0
In base 4, what is -1221332201 + -1232?
-1222000033
In base 4, what is 10 - -1100112220?
1100112230
In base 10, what is -70200 - -393?
-69807
In base 7, what is 360321 + -640?
356351
In base 7, what is 5 - -3512520206?
3512520214
In base 6, what is -13250 - -21041?
3351
In base 15, what is 83369ca + -5?
83369c5
In base 13, what is 7957773 - 0?
7957773
In base 10, what is -82476081 + -2?
-82476083
In base 13, what is -486b - -a71?
-3aca
In base 7, what is 1 + 1134146151?
1134146152
In base 8, what is -5 - -330601572?
330601565
In base 13, what is 1caa - bca1?
-9cc4
In base 2, what is 110000100110100010001110 - 1?
110000100110100010001101
In base 8, what is 3765015 - 271?
3764524
In base 15, what is 191 - -433b4?
43555
In base 10, what is -2742 - 1672?
-4414
In base 4, what is 3 + 1020313313?
1020313322
In base 5, what is 1014422224232 - 0?
1014422224232
In base 12, what is -724b354 + 0?
-724b354
In base 8, what is 362670 + -51?
362617
In base 13, what is -a1157 + -19a?
-a1324
In base 16, what is 22f533ce + -1?
22f533cd
In base 12, what is 124 - 4518?
-43b4
In base 6, what is -513 + 31424401?
31423444
In base 12, what is -32915 + 1909?
-31008
In base 10, what is 141282 - 3?
141279
In base 16, what is -88b4 + 4c?
-8868
In base 9, what is 15832612 - -16?
15832628
In base 6, what is 21 + -555202043?
-555202022
In base 16, what is 6a50 + -2ee?
6762
In base 14, what is -2c + -598a?
-59b8
In base 8, what is 362033655 + -6?
362033647
In base 13, what is 1813 - 7a76?
-6263
In base 7, what is 515026 + 2320?
520346
In base 13, what is -1 + -9b14b59?
-9b14b5a
In base 3, what is -12112001 + 2101211?
-10010020
In base 4, what is -10123020 - 111222?
-10300302
In base 13, what is -7752c - -b07?
-76725
In base 9, what is -1 - 38251?
-38252
In base 10, what is 4 - -191878?
191882
In base 7, what is 412621521 - 4?
412621514
In base 7, what is -1034226562 - -5?
-1034226554
In base 7, what is 1 + 31104633?
31104634
In base 2, what is -101011001010000001111 - 111101?
-101011001010001001100
In base 14, what is a8823 + -c?
a8815
In base 6, what is 222 + -24201125?
-24200503
In base 3, what is -12122022 - 21201102?
-111100201
In base 13, what is 105625a + a?
1056267
In base 6, what is -2141455 + 15423?
-2122032
In base 6, what is -3 + -51515013155?
-51515013202
In base 3, what is 101010022